-1 - 0/(-1)). Let k(q) be the first derivative of q**2 + 3*q - 529. What is k(w)?
9
Let g(r) = r**3 - 10*r**2 - 12*r + 1. Let q be -5 - -1 - 345/(-23). What is g(q)?
-10
Let k = -5 + 11. Let j(l) be the first derivative of -l**3/6 - 4*l**2 + 7*l + 9. Let g(s) be the first derivative of j(s). Give g(k).
-14
Let v(y) = -y - 1. Let p be (-5)/((-3)/((-24)/4)). Let s = p - -4. What is v(s)?
5
Let g(f) = 20*f**2 + 7*f + 13. Let k(r) = 7*r**2 + 2*r + 4. Let o(n) = -6*g(n) + 17*k(n). Determine o(-7).
-3
Let k = -82 - -76. Let i(n) = -3*n - 19. Let b be i(k). Let z(l) = -3*l**2 - 1. Give z(b).
-4
Let m(q) be the second derivative of -q**5/20 + 11*q**4/12 - 2*q**3 + 5*q**2 - 3*q + 5. Calculate m(10).
-10
Let z(p) = -2 + 0 + 0 - 49779*p + 49775*p. What is z(-1)?
2
Let k(j) = -11*j**2 + 29*j + 23. Let w(l) = 19*l + 7 + 10 - 2 + 34*l**2 - 41*l**2. Let s(o) = -5*k(o) + 8*w(o). Determine s(6).
11
Suppose -468 = -10*u - 418. Let j(g) be the second derivative of g**5/20 - 5*g**4/12 + 3*g**2 + g. Determine j(u).
6
Let b = -1056 - -1049. Let c(n) = -3*n - 16. Calculate c(b).
5
Let m = 63 - 57. Let n(t) be the third derivative of -1/60*t**5 - 1/120*t**m + 0*t + 0 + 4*t**2 + 0*t**4 + 2/3*t**3. Determine n(0).
4
Let g(h) = h**3 - 3*h**2 - 3*h + 3. Suppose -2 = -a - 3. Let m be ((10*a)/(-2))/1. Suppose -m*t + 12 = -t. Calculate g(t).
-6
Let k(a) = -a**2 + a + 4. Let b(o) = -o**3 - 13*o**2 + 7*o + 25. Let y(t) = b(t) - 6*k(t). What is y(-7)?
-6
Let q(w) be the second derivative of 16*w + 1/3*w**3 + 1/12*w**4 + 3/2*w**2 + 0. Calculate q(-3).
6
Let i be 2/(-2) - (7 - (-54)/(-6)). Let v(a) be the second derivative of 5*a**4/4 - a**2/2 - 5*a. What is v(i)?
14
Let h(v) = 0*v**3 + 2*v**2 + 1 - 6*v**2 - 5*v**3 + 4*v**3 + 0*v - 2*v. Give h(-2).
-3
Let x(w) be the first derivative of -4*w - 20 - 1/2*w**2. What is x(0)?
-4
Let b(n) = -n**2 - 6*n - 2. Let t(y) = -y**3 - 11*y**2 - 9*y + 14. Let m be t(-10). Suppose -m*o + 5*w - 17 = 0, -2*o + 0*w - w = 5. Give b(o).
7
Let w(b) = 5*b**2 + 3*b - 1. Let s(m) = -2*m**2 - 2*m. Let z(g) = -7*s(g) - 3*w(g). Let i be 75/45*(-4)/(8/(-6)). Determine z(i).
3
Let s(r) = -r + 5. Let u be s(12). Let m = u + 2. Let a be (-3 - m)*(-10)/4. Let h(o) = -o. Give h(a).
5
Let y(z) = -2*z - 2. Let s(l) = -l**3 + 16*l**2 - 32*l + 39. Let m be s(14). Suppose -8 = r - 0*r. Let p be m/(-5) - r/(-20). Determine y(p).
-8
Let f(h) = -h**2 - 3*h - 2. Let j = 39 - 37. Suppose -r + 0 = y + 1, j*r - 5*y + 9 = 0. Give f(r).
0
Let t(l) = 1 + 1332*l**3 + 0 - 1333*l**3. Calculate t(2).
-7
Suppose 5*g - 3*t + 21 + 9 = 0, 0 = -5*g + t - 30. Let c(l) be the first derivative of -l**2/2 - l - 1. Determine c(g).
5
Let h(w) = -43*w**3 - w**2. Let d be (-4)/10 - 1/(-5)*-3. Determine h(d).
42
Let j be -3 + 6/3 - (-58 + 72). Let m(u) = -u**3 - 15*u**2 + u + 19. What is m(j)?
4
Let r be 2/5 + (-8)/(-5). Let a(y) = -104 + 33 + 20 - 3*y + 26 + 26. Calculate a(r).
-5
Let f(m) = -m**2 + m - 3. Let q be f(0). Let r = q + 7. Suppose 9 = r*o - 7. Let y(x) = x - 1. Calculate y(o).
3
Let f(y) = -y**2 + 4*y + 3. Let z be f(4). Let k(n) be the second derivative of -5*n**3/6 + 3*n**2/2 + 96*n. Calculate k(z).
-12
Let g be 12/5 - 28/70. Suppose -l + 2 = 0, m + 5*l - 13 = g*m. Let z(q) = -q - 7. Let y(n) = 1. Let f(o) = -4*y(o) - z(o). Determine f(m).
0
Let x = 68 - 54. Suppose -x*r - 15 = r. Let q(d) = -6*d**3 - 2*d**2 - 2*d - 1. What is q(r)?
5
Let w = 0 - -2. Suppose -b - w*b + 27 = 0. Let v(k) = -k - k**3 + b*k**2 + 3 - k - k**2 - 6*k**2. Calculate v(2).
-1
Let w be 1/((-1)/(-1)) - 2. Let g(f) = 15*f - 1. Determine g(w).
-16
Suppose -54*n + 59*n - 10 = 0. Let s(o) = o**2 - 404 + 400 + o - n*o**2. Calculate s(3).
-10
Let f be (-4)/22 + 4 + (-60)/33. Let x(z) = 2*z**3 - 2*z**2 + 2. Determine x(f).
10
Let v(r) = 10 - 5*r + 3*r - 4. Let q be v(4). Let j(l) = l**2 + 842 + 2*l + 0*l - 842. Determine j(q).
0
Let h(m) = -m**3 + 4*m**2 - m - 4. Let j = -292 + 295. What is h(j)?
2
Let c be (-14)/6*21/((-35)/5). Let j(f) = -f**2 + 11*f - 27. Let a be j(c). Let i(n) = -n + 2. Give i(a).
1
Let x(w) be the third derivative of w**5/60 + w**4/24 - 5*w**3/2 + 299*w**2. What is x(0)?
-15
Let z(p) = -p + 2. Let i(t) = -t + 10. Let v be i(12). What is z(v)?
4
Suppose -h + 14 = 3*k, k + 5*h = -3*k + 37. Let a(x) = x**3 - 4*x**2 + 5*x - 3. What is a(k)?
3
Let r(d) be the first derivative of d**2/2 + 4*d + 2. Suppose -192*l + 18 = -198*l. Determine r(l).
1
Let d(y) = 8. Let j(r) = -1. Let t(k) = -d(k) + 3*j(k). Let b(a) = -a + 13. Let s(f) = 3*b(f) + 4*t(f). What is s(-7)?
16
Suppose -n = 2*t - 15, 8*n - 15 = 3*n. Let j(k) = -5 - 11*k - 2 - 2*k + t. Determine j(1).
-14
Let u be (-10)/(-70) + (-20)/(-7). Let x be 1/u*-13 - (-64)/(-96). Let v(h) = -h**3 - 4*h**2 + 2*h - 4. What is v(x)?
11
Suppose -23*j = -17*j - 30. Let a be 2*(-9)/6 + 6. Let q(p) = -2*p**2 + 6*p - p**a + 6*p**2 + 0*p**3. What is q(j)?
5
Let o = -72 - -129. Let g(z) = o - z**3 + z + 63 + z**2 - 114. Calculate g(0).
6
Let a be (6/(-5))/((-6)/20). Let l = -1 - a. Let g(y) be the third derivative of y**4/24 - 7*y**3/6 + 2*y**2 - 3*y. What is g(l)?
-12
Let y(g) = 4*g - 36 - 2 + 8*g + 7*g - 22*g. Determine y(-13).
1
Let k(i) = i**3 + 13*i**2 + 8*i - 13. Let n be k(-12). Suppose 6*b = 11*b - n. Let a(y) = -y**2 + 6*y + 2. Calculate a(b).
-5
Let f(h) = -h + 6. Let u(g) = -5*g + 29. Let y(i) = -11*f(i) + 2*u(i). Let j be y(0). Let v(s) = -s**3 - 8*s**2 - 3*s. Determine v(j).
24
Let l(v) = -2*v - 4. Suppose q = 9*q + 48. Calculate l(q).
8
Let k(p) = 7*p**2 - p. Let q(n) = -14*n**2 + 2*n. Let u = 42 + -33. Let c(j) = u*k(j) + 4*q(j). Determine c(1).
6
Let d(w) = -w - 25. Let s be d(-19). Let r(m) = 5*m**3 + 6*m**2 + 2*m + 5. Let k(n) = -n**3 - n. Let h(a) = 4*k(a) + r(a). Determine h(s).
17
Suppose -2*k = -5*b - 14, -5*k + 2*b = -0*b - 14. Suppose 5*j - 14 = j - 3*l, -k*l + 4 = 0. Let v(n) = 8 + 5*n + 3*n**2 - 6 - 2*n**j. Determine v(-3).
-4
Let u(n) = -n**2 + 2. Let l(o) = 3*o - 5. Let j be l(3). Suppose 2*f + 2*g = -2*g - 10, -7 = f + j*g. Determine u(f).
-7
Suppose 4*y = -8, 3*y = -l - 4*l - 11. Let m(b) = -11*b**2 + b. Give m(l).
-12
Let a(i) = -6*i**2 - 3*i**2 - 3*i**2 + 11*i**2 + 10*i - 1. What is a(9)?
8
Let k(l) be the first derivative of -l**4/4 + 19*l**3/3 - l**2 + 32*l - 17. Let f be k(19). Let y(t) = -t. Calculate y(f).
6
Let o be (65/26)/(-5)*2. Let b(v) be the second derivative of v**3/6 + v**2 - v. What is b(o)?
1
Let d = 36 - 32. Suppose -y + 4*x + 83 = 2*y, -2*x = -2*y + 52. Let t(o) = 10*o - y*o + 13*o + d. What is t(-3)?
-2
Let k(w) be the second derivative of -w**5/20 - 11*w**4/12 + 13*w**3/6 + 11*w**2/2 - 10*w. What is k(-12)?
-1
Let n(g) = g**2 - 6*g + 2. Let q be n(4). Let w(l) = -3*l**2 - 2*l - 7. Let p(u) = u**2 - 1. Let i(t) = q*p(t) + w(t). What is i(-1)?
-8
Let c(k) = 4 + 25*k + 6 - 7. Let w(i) = -12*i - 1. Let q(o) = -2*c(o) - 5*w(o). Suppose -2*s - 14 = -3*x - 0, -4*s - 24 = -5*x. Determine q(s).
-11
Let m(w) be the second derivative of -2*w**3/3 - 33*w + 2. Give m(5).
-20
Let p(m) be the first derivative of -m**5/60 + 5*m**4/24 + 7*m**3/6 - 9*m**2/2 - 9. Let b(a) be the second derivative of p(a). What is b(7)?
-7
Let g(l) = -l**3 + 11*l**2 + 9*l + 23. Let m be (-5 - (-319)/77)/((-1)/14). Determine g(m).
-13
Let x = 1 - 0. Let r(u) = -11*u + 12*u - u**3 - 3*u**3 - 6*u**3. Calculate r(x).
-9
Let o(i) = 5*i**2 - 3*i - 5. Let b(q) be the third derivative of -q**5/10 + q**4/12 + 7*q**3/6 + 18*q**2. Let t(r) = -4*b(r) - 5*o(r). Determine t(4).
9
Let j(n) be the first derivative of n**6/360 - n**5/120 - 7*n**4/12 + 4*n**3 + 44. Let c(z) be the third derivative of j(z). Calculate c(0).
-14
Let r(c) = c**2 - 3*c + 2. Let w be r(4). Suppose 0 = -6*u + 4 + 8. Let q(i) = -9*i**2 + 5*i - u + i**3 + 2 + 2*i**2 - 1. Determine q(w).
-7
Let d = 10 + -7. Suppose -5*j = -4*q + 41, 0 = q + d*j - 2 + 13. Let g(n) = 7*n - 1 - 6 + 3 - q*n. Determine g(4).
8
Let v(d) = -2*d**3 - 8*d**3 - 199106*d + 199107*d. Determine v(1).
-9
Let t(c) = 40*c + 5. Let v(s) = -60*s - 8. Let r(w) = -8*t(w) - 5*v(w). Determine r(1).
-20
Let z(m) = -8*m**2 - m + 1. Let d(s) = -9*s**2 - s + 2. Let k(p) = 4*d(p) - 5*z(p). Calculate k(-3).
36
Let d(c) = 12*c**2 - 11*c + 31. Let l(k) = -19*k**2 + 16*k - 47. Let o(h) = -8*d(h) - 5*l(h). Calculate o(10).
-33
Let j(g) 